k**2 + 9*k - 1. Give g(5).
-6
Let r(x) = -x**2 - 11*x + 2. Determine r(-7).
30
Let p(r) = -r**3 - r**2 + r - 10. What is p(0)?
-10
Let y(k) = -2*k**2 - 29*k - 29. Determine y(-13).
10
Let m(g) = g**3 + g**2 - 3*g + 4. What is m(-3)?
-5
Let o(p) = p**2 - 14*p - 13. Determine o(14).
-13
Let t(a) = -a**3 + 22*a**2 - 104*a - 17. What is t(7)?
-10
Let z(u) = u. Give z(7).
7
Let i(v) = -3*v**2 + v + 2. Determine i(-6).
-112
Let r(q) = 3*q + 21. Give r(-14).
-21
Let r(j) = j**2 + 8*j - 9. Calculate r(-7).
-16
Let i(f) = 6*f - 97. Determine i(15).
-7
Let o(k) = 4*k - 21. Determine o(10).
19
Let a(y) = -y**2 + 3*y + 5. Calculate a(-6).
-49
Let m(n) = 4*n + 163. Give m(-40).
3
Let w(t) = t**3 + 5*t**2 - 2*t - 11. Calculate w(-5).
-1
Let z(t) = t**2 + 5*t - 32. Give z(4).
4
Let y(h) = -h**2 - 8*h + 6. Determine y(-6).
18
Let o(j) = 12*j + 113. Give o(-12).
-31
Let r(i) = 128*i + 13. What is r(-1)?
-115
Let r(j) = j**3 + 6*j**2 - 7*j - 7. What is r(-5)?
53
Let n(g) = -g**2 + 23. Calculate n(0).
23
Let o(z) = -z**2 + 2*z + 2. Determine o(-5).
-33
Let n(h) = 7*h - 26. Determine n(7).
23
Let l(n) = 34*n**2 + 2*n - 3. Give l(1).
33
Let w(n) = -63*n - 68. What is w(-1)?
-5
Let q(g) = g**3 + 10*g**2 + 21*g - 13. Give q(-9).
-121
Let q(s) = -s + 7. Determine q(-6).
13
Let y(f) = 36*f**2 - 3*f - 4. Calculate y(-1).
35
Let b(z) = -5*z - 9. What is b(-23)?
106
Let x(p) = 6*p - 34. Calculate x(0).
-34
Let o(d) = 3*d + 14. Give o(-6).
-4
Let f(z) = 2*z**2 - 18*z - 2. What is f(9)?
-2
Let h(z) = z**3 + 6*z**2 - 5*z - 16. Determine h(-7).
-30
Let g(r) = -5*r**3 + 2*r**2 - 4*r + 2. What is g(2)?
-38
Let b(s) = s**3 + 23*s**2 + 43*s - 23. What is b(-21)?
-44
Let b(c) = -3*c - 15. What is b(9)?
-42
Let f(w) = -4*w - 70. Calculate f(-17).
-2
Let c(z) = z**2 + 15*z - 6. Give c(-16).
10
Let w(s) = 9*s + 42. Determine w(-5).
-3
Let s(r) = 2*r + 3. Determine s(3).
9
Let i(y) = 7*y**3 + y**2 - 2*y + 2. Determine i(1).
8
Let a(p) = -p**3 + 12*p**2 + 13*p + 4. Calculate a(13).
4
Let k(x) = 33*x + 231. Determine k(-7).
0
Let w(b) = b**2 + 2. What is w(4)?
18
Let j(x) = 2*x**3 + 19*x**2 + 8*x - 5. Give j(-9).
4
Let w(k) = k**2 - 28*k + 185. What is w(17)?
-2
Let i(q) = q**2 - 10*q + 1. What is i(6)?
-23
Let n(i) = i**3 - 7*i**2 + 8*i - 53. Determine n(7).
3
Let b(y) = 2*y**2 + 7*y - 11. What is b(-6)?
19
Let l(d) = -d**2 - 12*d + 13. What is l(-12)?
13
Let v(r) = r**3 + 7*r**2 + 6*r + 9. What is v(-7)?
-33
Let r(c) = c**2 + 8*c - 1. What is r(-10)?
19
Let k(i) = -i**2 + 9*i + 8. Determine k(-1).
-2
Let w(k) = 35*k - 143. What is w(4)?
-3
Let b(n) = n**3 + 7*n**2 + 7*n + 26. Determine b(-7).
-23
Let f(m) = m**2 + 13*m - 9. What is f(6)?
105
Let i(k) = 8*k + 7. Determine i(-7).
-49
Let g(s) = -20*s - 5. Calculate g(3).
-65
Let l(d) = -68*d - 7. What is l(1)?
-75
Let c(u) = 2*u - 27. What is c(11)?
-5
Let l(c) = -c - 16. Give l(-9).
-7
Let c(y) = -y**2 + 7*y + 27. Determine c(12).
-33
Let z(u) = u**3 - 7*u**2 + 4*u - 13. Determine z(7).
15
Let z(k) = -k**3 + 10*k**2 - 17*k - 1. What is z(7)?
27
Let i(f) = 2*f - 6. Give i(-3).
-12
Let t(z) = -2*z + 13. What is t(-11)?
35
Let h(w) = -13*w - 31. What is h(-2)?
-5
Let z(r) = r - 3. What is z(-5)?
-8
Let h(a) = 10*a - 9. What is h(7)?
61
Let d(q) = 2*q + 3. Calculate d(-2).
-1
Let n(s) = -s**2 + 8*s - 15. What is n(7)?
-8
Let f(h) = -7*h + 4. Give f(-2).
18
Let n(r) = -3*r + 5. Determine n(7).
-16
Let h(s) = s**3 + 19*s**2 + s + 14. Calculate h(-19).
-5
Let s(m) = -14*m - 6. Determine s(4).
-62
Let x(h) = -10*h - 9. Calculate x(-2).
11
Let d(m) = -5*m**3 - 132*m**2 - 53*m - 33. What is d(-26)?
-7
Let l(n) = -2*n**3 - 10*n**2 + 12*n - 10. What is l(-6)?
-10
Let b(c) = 2*c**2 + 10*c - 15. Give b(-6).
-3
Let v(r) = r**3 - 20*r**2 - 4*r - 8. What is v(20)?
-88
Let u(v) = -18*v + 7. Determine u(2).
-29
Let q(n) = n - 37. What is q(13)?
-24
Let s(a) = -a**2 + 3*a - 3. What is s(3)?
-3
Let n(k) = 39*k + 7. Give n(-3).
-110
Let u(w) = w**2 - 16*w + 19. Calculate u(14).
-9
Let h(i) = 3*i**2 - i - 22. Give h(-8).
178
Let n(v) = -2*v - 25. What is n(-5)?
-15
Let y(m) = 2*m + 4. Determine y(-7).
-10
Let p(b) = b**2 + 17*b + 13. Give p(-14).
-29
Let o(z) = z**3 - 5*z**2 - 2*z + 5. Give o(5).
-5
Let j(v) = -v**3 + 56*v**2 - 206*v - 109. Determine j(52).
-5
Let d(p) = 53*p**3 - 4*p + 5. Calculate d(1).
54
Let h(a) = -6*a - 55. Calculate h(-9).
-1
Let p(q) = q**2 - 7*q + 4. Calculate p(4).
-8
Let t(x) = -5*x - 214. Determine t(-41).
-9
Let a(l) = -17*l**2 + 2. Determine a(2).
-66
Let m(l) = 209*l + 834. What is m(-4)?
-2
Let t(h) = -3*h**2 + 2*h + 1. Determine t(3).
-20
Let m(r) = r**3 + 7*r**2 - 4*r - 18. Determine m(-7).
10
Let c(j) = -2*j**2 + 17*j - 26. What is c(6)?
4
Let f(c) = c + 8. Determine f(-7).
1
Let o(z) = 58*z**2 + 10*z - 11. What is o(1)?
57
Let d(o) = -o**2 - 9*o - 8. Calculate d(-6).
10
Let a(j) = -j**2 + 13*j - 28. Give a(9).
8
Let m(o) = 3*o - 11. Calculate m(8).
13
Let u(v) = -v**2 + 2*v - 12. Calculate u(4).
-20
Let l(p) = -5*p**3 + 3*p**2 - 2*p. Determine l(2).
-32
Let g(p) = -p - 12. Give g(-4).
-8
Let c(m) = m**3 - 7*m**2 + 3*m + 8. Calculate c(7).
29
Let n(l) = -3*l**3 + 2*l**2 + 2*l - 3. Give n(2).
-15
Let n(h) = -h**3 - 7*h**2 - 5*h - 3. What is n(-5)?
-28
Let m(x) = -6*x**3 + x**2 + 2*x + 2. Give m(-1).
7
Let a(q) = -3*q**2 + 14*q - 10. Determine a(5).
-15
Let s(r) = 53*r**2 - 2*r + 3. Give s(1).
54
Let j(w) = -w**2 + 13*w - 38. Give j(12).
-26
Let s(a) = 2*a**2 + 15*a + 3. Give s(-7).
-4
Let i(x) = -x + 7. What is i(-3)?
10
Let v(f) = f**3 + 13*f**2 - f + 1. What is v(-13)?
14
Let t(c) = -c**3 - 37*c**2 - 33*c + 93. Determine t(-36).
-15
Let l(b) = 19*b - 7. Give l(2).
31
Let h(a) = a**2 - 4*a - 1. What is h(5)?
4
Let p(t) = -t**3 + 2*t**2 + 25*t - 15. What is p(6)?
-9
Let d(r) = r**3 - 7*r**2 - 8*r - 10. Give d(6).
-94
Let x(n) = 17*n**2 - 2*n + 4. What is x(2)?
68
Let n(p) = p**3 - 13*p**2 + 13*p - 4. What is n(12)?
8
Let p(n) = -2*n**2 + 14*n - 20. Give p(6).
-8
Let v(q) = 7*q**2 + 2*q. Determine v(-2).
24
Let n(x) = 7*x**3 - 2*x**2 - 2*x + 3. Determine n(2).
47
Let f(n) = 2*n + 19. What is f(-2)?
15
Let y(h) = 2*h - 10. Calculate y(4).
-2
Let o(y) = y**3 + 2*y**2 - y - 63. What is o(0)?
-63
Let w(p) = -6*p + 36. Determine w(9).
-18
Let w(v) = v**2 + 18*v - 119. Determine w(5).
-4
Let k(w) = 2*w**2 + 42*w - 91. What is k(-23)?
1
Let r(p) = -2*p**2 - 3*p + 1. What is r(-3)?
-8
Let v(f) = -2*f**2 + 15*f - 32. Give v(3).
-5
Let p(z) = -z**3 + 11*z**2 - 8. Give p(11).
-8
Let o(t) = -t**2 + 8*t + 7. Calculate o(6).
19
Let q(y) = -81*y. Give q(-2).
162
Let w(b) = 2*b + 3. What is w(-7)?
-11
Let f(c) = c**3 + 10*c**2 - 15*c - 152. Give f(-10).
-2
Let l(d) = -3*d - 22. Give l(-8).
2
Let g(d) = -d**3 - 25*d**2 - 83*d + 27. Give g(-21).
6
Let z(c) = -c**3 - 2*c**2 + 7*c + 3. Determine z(2).
1
Let q(y) = 17*y - 73. Determine q(4).
-5
Let c(i) = i**2 + 13*i - 10. Calculate c(-10).
-40
Let i(a) = -a**3 - 4*a**2 + 21*a - 38. Calculate i(3).
-38
Let x(p) = 2*p**3 - 2*p**2 + 4*p - 5. Give x(2).
11
Let j(o) = o**3 - 11*o**2 + 7*o - 13. Calculate j(10).
-43
Let y(d) = d**3 - d**2 - d - 22. Calculate y(0).
-22
Let p(o) = -o. What is p(-5)?
5
Let c(a) = -a**2 + 8*a - 6. Give c(5).
9
Let b(o) = -o**3 - 5*o**2 + 11*o + 32. Calculate b(-6).
2
Let k(u) = -u**3 - 3*u**2 + 2*u + 6. Determine k(0).
6
Let s(f) = -4*f - 14. What is s(-6)?
10
Let u(i) = i**3 + 1. Determine u(0).
1
Let u(p) = 12*p - 45. Calculate u(7).
39
Let o(i) = 6*i**3 - 3*i**2 + 5*i + 7. Determine o(-1).
-7
Let q(m) = -78*m - 1476. Give q(-19).
6
Let y(o) = -o**2 - 6*o + 5. Give y(-7).
-2
Let h(v) = -v**2 + 15*v + 3. Calculate h(16).
-13
Let r(y) = -y**2 + 8*y - 16. Give r(8).
-16
Let m(s) = -s**2 - 14*s - 15. Calculate m(-13).
-2
Let p(j) = -2*j**2 + 55*j - 33. Calculate p(27).
-6
Let j(t) = 4*t**2 - 4*t - 2. Calculate j(2).
6
Let g(a) = -a - 24. Give g(-10).
-14
Let d(k) = k**3 + 7*k**2 + 7*k - 9. What is d(-5)?
6
Let c(a) = a**2 + 35*a - 176. What is c(-39)?
-20
Let i(f) = -11*f**2 + 4*f + 5. Calculate i(-2).
-47
Let r(l) = 2*l + 11. Give r(-3).
5
Let w(j) = -j**2 - 20*j - 28. Give w(-18).
8
Let t(a) = a**2 + 16*a + 4. Determine t(-15).
-11
Let c(s) = -2*s**3 - 3*s**2 + s + 24. Calculate c(0).
24
Let u(q) = -q**3 - 6*q**2 - 3*q + 2. Determine u(-6).
20
Let s(h) = -h**2 + 20